ate the remainder when 2986 is divided by 280.
186
What is the remainder when 307373 is divided by 51?
47
What is the remainder when 35976 is divided by 179?
176
Calculate the remainder when 5415 is divided by 884.
111
What is the remainder when 24094 is divided by 66?
4
What is the remainder when 5440 is divided by 1358?
8
What is the remainder when 5292 is divided by 1648?
348
What is the remainder when 17181 is divided by 93?
69
What is the remainder when 42396 is divided by 1012?
904
Calculate the remainder when 26923 is divided by 67.
56
Calculate the remainder when 418580 is divided by 418572.
8
Calculate the remainder when 1083788 is divided by 24.
20
What is the remainder when 5205 is divided by 827?
243
What is the remainder when 38017 is divided by 197?
193
Calculate the remainder when 7680776 is divided by 45.
41
Calculate the remainder when 1925 is divided by 106.
17
Calculate the remainder when 4966 is divided by 183.
25
Calculate the remainder when 233178 is divided by 313.
306
Calculate the remainder when 1492 is divided by 191.
155
Calculate the remainder when 1166 is divided by 76.
26
What is the remainder when 235875 is divided by 27?
3
What is the remainder when 82592 is divided by 280?
272
What is the remainder when 43871 is divided by 25?
21
Calculate the remainder when 8046 is divided by 219.
162
Calculate the remainder when 5823 is divided by 16.
15
Calculate the remainder when 17948 is divided by 176.
172
Calculate the remainder when 6796 is divided by 6611.
185
What is the remainder when 614068 is divided by 29?
22
Calculate the remainder when 241098 is divided by 570.
558
What is the remainder when 1573 is divided by 90?
43
What is the remainder when 86497 is divided by 1466?
3
What is the remainder when 20023 is divided by 9?
7
What is the remainder when 23880 is divided by 5967?
12
What is the remainder when 810879 is divided by 560?
559
Calculate the remainder when 1767 is divided by 113.
72
What is the remainder when 147159 is divided by 10?
9
Calculate the remainder when 4998 is divided by 1137.
450
What is the remainder when 75515 is divided by 88?
11
What is the remainder when 3078 is divided by 338?
36
What is the remainder when 97040 is divided by 349?
18
What is the remainder when 1144 is divided by 713?
431
What is the remainder when 5802 is divided by 1928?
18
Calculate the remainder when 265958 is divided by 261.
260
Calculate the remainder when 75581 is divided by 15116.
1
What is the remainder when 2244 is divided by 103?
81
Calculate the remainder when 22910 is divided by 34.
28
Calculate the remainder when 494183 is divided by 79.
38
What is the remainder when 369 is divided by 303?
66
Calculate the remainder when 531491 is divided by 5.
1
What is the remainder when 6201 is divided by 666?
207
What is the remainder when 1164782 is divided by 157?
156
Calculate the remainder when 90939 is divided by 7578.
3
What is the remainder when 465 is divided by 103?
53
What is the remainder when 40921 is divided by 553?
552
Calculate the remainder when 76310 is divided by 322.
318
What is the remainder when 1458599 is divided by 312?
311
What is the remainder when 11381 is divided by 57?
38
What is the remainder when 907 is divided by 13?
10
Calculate the remainder when 415984 is divided by 80.
64
What is the remainder when 214551 is divided by 3065?
1
Calculate the remainder when 11953 is divided by 104.
97
What is the remainder when 16958 is divided by 1101?
443
What is the remainder when 72712 is divided by 24236?
4
Calculate the remainder when 3563 is divided by 703.
48
Calculate the remainder when 13782 is divided by 459.
12
Calculate the remainder when 96867 is divided by 96842.
25
Calculate the remainder when 200304 is divided by 6461.
13
What is the remainder when 12581 is divided by 75?
56
Calculate the remainder when 11314 is divided by 18.
10
Calculate the remainder when 71675 is divided by 229.
227
What is the remainder when 259414 is divided by 14?
8
What is the remainder when 383 is divided by 206?
177
Calculate the remainder when 2365 is divided by 29.
16
What is the remainder when 880 is divided by 111?
103
Calculate the remainder when 4276 is divided by 23.
21
What is the remainder when 49806 is divided by 664?
6
What is the remainder when 1968 is divided by 349?
223
Calculate the remainder when 19788 is divided by 62.
10
What is the remainder when 728379 is divided by 629?
626
Calculate the remainder when 152333 is divided by 96.
77
Calculate the remainder when 4517 is divided by 1505.
2
Calculate the remainder when 1224421 is divided by 101.
99
Calculate the remainder when 2547 is divided by 29.
24
What is the remainder when 369664 is divided by 9?
7
Calculate the remainder when 2739254 is divided by 21.
14
What is the remainder when 159135 is divided by 63?
60
What is the remainder when 2243 is divided by 61?
47
What is the remainder when 53787 is divided by 14?
13
Calculate the remainder when 5538251 is divided by 526.
523
What is the remainder when 3160 is divided by 316?
0
Calculate the remainder when 53252 is divided by 375.
2
Calculate the remainder when 10898 is divided by 5449.
0
Calculate the remainder when 73748 is divided by 12.
8
What is the remainder when 1271116 is divided by 19?
16
What is the remainder when 21978 is divided by 24?
18
Calculate the remainder when 1407183 is divided by 23.
20
What is the remainder when 6680 is divided by 1951?
827
What is the remainder when 476294 is divided by 220?
214
What is the remainder when 1306 is divided by 1179?
127
What is the remainder when 106019 is divided by 35?
4
Calculate the remainder when 5586 is divided by 662.
290
What is the remainder when 1576 is divided by 486?
118
What is the remainder when 329830 is divided by 162?
160
What is the remainder when 76800 is divided by 25600?
0
What is the remainder when 47334 is divided by 4726?
74
Calculate the remainder when 24170 is divided by 121.
91
What is the remainder when 13128 is divided by 877?
850
What is the remainder when 33672 is divided by 170?
12
What is the remainder when 560 is divided by 172?
44
What is the remainder when 232218 is divided by 227?
224
What is the remainder when 171202 is divided by 11413?
7
What is the remainder when 2999 is divided by 213?
17
Calculate the remainder when 169375 is divided by 659.
12
What is the remainder when 2827 is divided by 189?
181
Calculate the remainder when 432 is divided by 262.
170
Calculate the remainder when 1024314 is divided by 1545.
1524
What is the remainder when 10155 is divided by 5075?
5
Calculate the remainder when 54411 is divided by 84.
63
What is the remainder when 7715 is divided by 12?
11
Calculate the remainder when 85612 is divided by 1098.
1066
What is the remainder when 7216 is divided by 5?
1
Calculate the remainder when 1981 is divided by 9.
1
What is the remainder when 44014 is divided by 637?
61
Calculate the remainder when 1770 is divided by 57.
3
What is the remainder when 50136 is divided by 336?
72
What is the remainder when 39437 is divided by 37?
32
Calculate the remainder when 17308 is divided by 284.
268
What is the remainder when 21276 is divided by 174?
48
Calculate the remainder when 3718 is divided by 1841.
36
What is the remainder when 133523 is divided by 1113?
1076
What is the remainder when 5816 is divided by 1935?
11
Calculate the remainder when 18416 is divided by 5.
1
What is the remainder when 29507 is divided by 1552?
19
What is the remainder when 53845 is divided by 212?
209
Calculate the remainder when 9250 is divided by 244.
222
Calculate the remainder when 547091 is divided by 334.
333
Calculate the remainder when 70892 is divided by 1649.
1634
What is the remainder when 15550 is divided by 15541?
9
Calculate the remainder when 24588 is divided by 6143.
16
Calculate the remainder when 461 is divided by 105.
41
Calculate the remainder when 8412 is divided by 204.
48
What is the remainder when 2319 is divided by 1145?
29
What is the remainder when 61854 is divided by 745?
19
What is the remainder when 90375 is divided by 241?
0
Calculate the remainder when 2993 is divided by 44.
1
What is the remainder when 6951 is divided by 42?
21
What is the remainder when 5590 is divided by